tors of (446/(-5))/((-16)/1680)?
2, 3, 7, 223
Suppose 0 = 20*c - 14*c. Suppose c = -3*p + 15, 0 = -l - 3*p + 254. Suppose -3*j + l = -112. List the prime factors of j.
3, 13
Suppose -v + 4*y = -26, -3*y + 5 = v - 0. Suppose 2*d - 3*d - v = 3*h, d - 4*h + 42 = 0. List the prime factors of (20/16*-6 + 0)*d.
3, 5, 13
Suppose -195*j - 165*j - 48806 = -383*j. What are the prime factors of j?
2, 1061
Let x = -570 - -262. What are the prime factors of 88/x - 9874/(-14)?
3, 5, 47
Suppose -28*v + 9*v = -570. Let o = v - -161. What are the prime factors of o?
191
Let o = 13584 - 7676. What are the prime factors of o?
2, 7, 211
Suppose -2328 - 2976 = -6*m. Let h = m + -349. List the prime factors of h.
5, 107
Let y = -239 - -241. Suppose 143 = -2*k - 5*o + 1596, 3*o = y*k - 1413. List the prime factors of k.
2, 3, 7, 17
Let d(b) = -b**3 + 4*b**2 + 7*b - 8. Let g be d(5). Let i = -5 - g. List the prime factors of (i/3)/((-14)/252).
2, 3, 7
Let m(c) = -5*c**2 + 2*c - 1. Let d be m(1). Let s(j) = -j**3 - 11*j**2 - 2*j - 27. Let n be s(-11). List the prime factors of (106/d)/(n/10).
53
Suppose -5*x + 3*x + 3*y = -3546, -4*x + 7092 = 21*y. What are the prime factors of x?
3, 197
Let d(h) = -h**2 - 1. Let x(t) = -6*t**2 - 17*t - 12. Suppose -2*j + 9 = 1. Let a(l) = j*d(l) - x(l). List the prime factors of a(-12).
2, 23
Let y(t) = -1. Let k(o) = -o - 4. Let x(b) = k(b) - 5*y(b). Let j(v) = 2*v - 3. Let g(c) = 4*j(c) + 11*x(c). What are the prime factors of g(-13)?
2, 19
Let j(g) = -2*g + 23. Let h be j(9). Let z = h - 20. What are the prime factors of -1 - -3 - 660/z?
2, 23
Suppose -2*z + 3*i = -23354, z - 134*i + 137*i = 11695. What are the prime factors of z?
7, 1669
Let l be (-1)/3 + 6/18. Suppose l = -3*h + h + 124. What are the prime factors of (-1)/1 + (h - -2)?
3, 7
Let r(x) = -5*x**2 + 8*x - 10. Let d(a) = 5*a**2 - 8*a + 9. Let j(i) = -2*d(i) - 3*r(i). Let q be j(6). Suppose -c - 2*c + q = 0. List the prime factors of c.
2, 3
Let g(j) = -56*j**2 + 19*j**2 + 15*j**2 - 31*j**3 + 21*j**2. Suppose 5*u - 1 = 5*f - 11, -u + 3*f = 4. List the prime factors of g(u).
2, 3, 5
Suppose -357799 = -9*i - 8*i. List the prime factors of i.
13, 1619
Suppose 0 = -3*q - 4*j + 197065, -53*j + 50*j + 21 = 0. What are the prime factors of q?
3, 21893
Suppose -24*m - 16793 = -32*m - 6113. What are the prime factors of m?
3, 5, 89
Let l(f) be the first derivative of -f**4/4 + 4*f**3/3 + 7*f**2/2 - 6*f + 10. Let w be l(5). Suppose 0 = v + 4, -4*g + 360 = -w*v. List the prime factors of g.
2, 43
Let b(d) = 2*d**3 + 2*d - 2. Let m be b(1). Suppose 4*w + 101 = 3*o, -w - 29 = -o - m*w. Suppose 4*p - 225 = o. What are the prime factors of p?
2
Let d(w) = 4908*w**2 + 8. List the prime factors of d(1).
2, 1229
Suppose 0 = -4*z - p + 58522 + 41830, 0 = -2*z - 8*p + 50236. What are the prime factors of z?
2, 3, 37, 113
What are the prime factors of (6/5)/((-2)/(-1830))?
2, 3, 61
Suppose -403*a + 5*s - 93065 = -408*a, 0 = a - 4*s - 18583. What are the prime factors of a?
23, 809
Suppose 101 = s - 67. Suppose 0 = -25*f + 23*f + 320. Suppose -f = -2*g + s. What are the prime factors of g?
2, 41
Suppose 0 = 5*m + 10928 - 34168. Suppose -204*i = -197*i - m. What are the prime factors of i?
2, 83
What are the prime factors of (25 - 23)*((-6)/4)/(-3)*15859?
15859
Suppose 4*f = 2*o - 18, 3*f = -3*o + 6 + 3. Suppose o*a = 2*x + 2458, -2*x = -3*a - 3*x + 1477. Suppose 0 = 5*u - 11*u + a. What are the prime factors of u?
2, 41
Suppose -6617 - 18887 = -8*c. Let n = c + -1840. What are the prime factors of n?
2, 337
Suppose 12*h - 8*h = -5*m, 3*h = -3*m. Suppose h = -4*v + 8*v - 1412. What are the prime factors of v?
353
Suppose -15*k = -6*k + 630. Let v = k - -59. List the prime factors of (-889)/v + 6/33.
3
Let g = 2854 + 1483. List the prime factors of g.
4337
What are the prime factors of 91578/(-39)*(-39)/3?
2, 15263
Let i(d) = 76*d - 71. Let w be i(8). Let v = w - 336. List the prime factors of v.
3, 67
Let m = 255 + -241. List the prime factors of 7/(m/(-16))*1967/(-28).
2, 281
List the prime factors of (7590/(-45) + -8)*-36.
2, 3, 5, 53
Let y = 430 - 331. Let u = y + 119. What are the prime factors of u?
2, 109
Let c(b) = b**2 - 6*b + 16. Let y be c(5). Suppose -60 + 115 = y*s. What are the prime factors of s?
5
List the prime factors of (-2)/((2/(-8157))/((-220)/(-165))).
2, 2719
Let o = 32509 - 15984. List the prime factors of o.
5, 661
What are the prime factors of (186184/20 + -8)*(-65)/(-26)?
3, 23, 337
Let j(x) = -2*x**2 - 40*x. Let l be j(-20). Suppose 5*o - 194 - 1306 = -4*a, o = l. List the prime factors of a.
3, 5
Let c(r) = r**3 - 23*r**2 - 23*r - 24. Let f be c(24). Suppose f = -3*u + 180 + 150. What are the prime factors of -4 + 0/(-3) + u + 0?
2, 53
Let z = -7285 + 10684. What are the prime factors of z?
3, 11, 103
Let k be (3/(-9))/((-1)/(-3)). Let f(d) = -d**2 - 4*d + 1. Let b be f(k). Suppose 0 = -b*o + 256 + 4. What are the prime factors of o?
5, 13
Suppose j - 15 = -5*f, j = -2*j + 4*f - 12. Suppose 4*r + 1984 = 4*c, r + 1 = -j. What are the prime factors of c?
3, 5, 11
Let b be -4 + (-19 - 1 - -6) + -5. List the prime factors of b + 21 + 3291/(6 + -3).
3, 5, 73
Let q = 17 + -12. Let b be (-1)/6 - (q/(-30) - 0). Suppose b*p - 165 = -3*p. What are the prime factors of p?
5, 11
Let c = 360 - 364. List the prime factors of (358/4)/((-23)/6 - c).
3, 179
Suppose 29*c = -154*c + 986004. List the prime factors of c.
2, 3, 449
What are the prime factors of (81237 - 7/1)/((-14)/(-7))?
5, 8123
Let q(g) = 68 - 120*g + g**3 - 49*g**2 - 2*g**2 + 222*g - 183*g. List the prime factors of q(53).
7, 199
Let u(j) = -8*j**3 + 16*j**2 - 30*j - 168. List the prime factors of u(-10).
2, 3, 811
Let q = -618 - -622. List the prime factors of ((-230)/q)/((-30)/180).
3, 5, 23
Let p = 136467 - 96291. What are the prime factors of p?
2, 3, 31
Let u be 3*(-46697)/(-56) + (-9)/(-24). List the prime factors of (-6)/10*-1 - u/(-30).
2, 3, 7
Let v = 16919 + 6564. Suppose -v = -21*x + 163. What are the prime factors of x?
2, 563
Let i(m) = -m**3 - 10*m**2 - 18*m + 13. Suppose -g + 3*r - 12 = 0, -9*g - 2*r = -4*g + 9. Let y be (2 - 6) + 5 + (-13 - g). List the prime factors of i(y).
2, 47
List the prime factors of (1648*1)/(21/119) - 452/678.
2, 7, 23, 29
Suppose 13*r - 94 = -55. Suppose r*c - 1890 - 552 = 0. What are the prime factors of c?
2, 11, 37
Let g(h) = 4*h + 0 + 1 - 2*h - 10. Let t be g(12). Let n = -8 + t. What are the prime factors of n?
7
Let z = -70 - -72. What are the prime factors of (-900)/(-8)*(z - 0)?
3, 5
Suppose i + 99 = -5*j, -4*i + 0*i = 5*j + 96. Let k be (-7)/(-4) + (-1)/j*5. Suppose 2*b = b + 4*d + 98, k*d + 108 = b. List the prime factors of b.
2, 59
Let a(s) = 10*s**3 - 2*s**2 - s + 1. Let g be a(-1). List the prime factors of 42/(-35) + 1 - 2032/g.
7, 29
Suppose 591*u = 3*l + 596*u - 13884, -4*u + 13890 = 3*l. List the prime factors of l.
2, 3, 773
Let l(f) = -23*f - 69. Let z(y) = -y - 3. Let q(u) = -3*l(u) + 21*z(u). What are the prime factors of q(8)?
2, 3, 11
Let a be 15*(-2)/6*(4 + 0). What are the prime factors of ((a/(-6))/(-5))/(22/(-27489))?
7, 17
Let q(d) = 2*d**2 + 7*d - 9. Let b be (4*(-1)/(-8) + -1)*34. List the prime factors of q(b).
2, 3, 5
Suppose 27 = -3*w + 42. Let t be 31204/26 - (-32)/(-208). Suppose -4*o - 5*s + 960 = 0, -s = w*o - 0*s - t. List the prime factors of o.
2, 3, 5
Let i(x) = -x**3 + 22*x**2 - 22*x + 24. Suppose -102 = -8*f + 2*f. What are the prime factors of i(f)?
3, 5, 73
Let p be (68/(-51))/((-1)/3). What are the prime factors of 3/p + 1/((-4)/(-6569))?
31, 53
Suppose 2*w - 2*q - 1260 = 0, 39*q - 37*q - 1268 = -2*w. Suppose -5*c = m - w, -3*m + 4*c + 2729 - 738 = 0. List the prime factors of m.
3, 73
Suppose -97*v + 53667 = -88*v. What are the prime factors of v?
67, 89
Let w be 3 - -1*(8 + -3). Let t(u) = -w - 106*u + 5 - 7. List the prime factors of t(-2).
2, 101
Suppose 4*u - 4*s - 1452 = 0, s + 100 = 3*u - 997. Let n = u + -175. What are the prime factors of n?
2, 3
Let c be (68/(-10))/(34/(-18955)). Suppose -c = -13*f + 1318. What are the prime factors of f?
3, 131
Let c(b) = 2*b**2 + 3*b + 12. Let l be c(-14). Suppose -2*d = 3*u - l - 274, 2*u = -2*d + 634. List the prime factors of d.
3, 5, 7
Suppose -113*n = -52*n. Let r be (15/6